{"id":8789,"date":"2025-11-05T02:41:59","date_gmt":"2025-11-05T02:41:59","guid":{"rendered":"https:\/\/cremx.org\/?page_id=8789"},"modified":"2025-11-05T02:45:51","modified_gmt":"2025-11-05T02:45:51","slug":"transparencia-y-rendicion-de-cuentas","status":"publish","type":"page","link":"https:\/\/cremx.org\/index.php\/transparencia-y-rendicion-de-cuentas\/","title":{"rendered":"Transparencia y rendici\u00f3n de cuentas"},"content":{"rendered":"\t\t<div data-elementor-type=\"wp-post\" data-elementor-id=\"8789\" class=\"elementor elementor-8789\">\n\t\t\t\t\t\t<section class=\"elementor-section elementor-top-section elementor-element elementor-element-5a79e21 elementor-section-boxed elementor-section-height-default elementor-section-height-default\" data-id=\"5a79e21\" data-element_type=\"section\">\n\t\t\t\t\t\t<div class=\"elementor-container elementor-column-gap-default\">\n\t\t\t\t\t<div class=\"elementor-column elementor-col-100 elementor-top-column elementor-element elementor-element-671c330\" data-id=\"671c330\" data-element_type=\"column\">\n\t\t\t<div class=\"elementor-widget-wrap\">\n\t\t\t\t\t\t\t<\/div>\n\t\t<\/div>\n\t\t\t\t\t<\/div>\n\t\t<\/section>\n\t\t\t\t<section class=\"elementor-section elementor-top-section elementor-element elementor-element-9804494 elementor-section-boxed elementor-section-height-default elementor-section-height-default\" data-id=\"9804494\" data-element_type=\"section\">\n\t\t\t\t\t\t<div class=\"elementor-container elementor-column-gap-default\">\n\t\t\t\t\t<div class=\"elementor-column elementor-col-100 elementor-top-column elementor-element elementor-element-5a6a70f\" data-id=\"5a6a70f\" data-element_type=\"column\">\n\t\t\t<div class=\"elementor-widget-wrap elementor-element-populated\">\n\t\t\t\t\t\t<div class=\"elementor-element elementor-element-1b4fec2 elementor-widget elementor-widget-image\" data-id=\"1b4fec2\" data-element_type=\"widget\" data-widget_type=\"image.default\">\n\t\t\t\t<div class=\"elementor-widget-container\">\n\t\t\t\t\t\t\t\t\t\t\t\t\t<img fetchpriority=\"high\" decoding=\"async\" width=\"1374\" height=\"360\" src=\"https:\/\/cremx.org\/wp-content\/uploads\/2025\/11\/TIT-CUENTAS.jpg\" class=\"attachment-full size-full wp-image-8791\" alt=\"\" \/>\t\t\t\t\t\t\t\t\t\t\t\t\t<\/div>\n\t\t\t\t<\/div>\n\t\t\t\t\t<\/div>\n\t\t<\/div>\n\t\t\t\t\t<\/div>\n\t\t<\/section>\n\t\t\t\t<section class=\"elementor-section elementor-top-section elementor-element elementor-element-6efc289 elementor-section-boxed elementor-section-height-default elementor-section-height-default\" data-id=\"6efc289\" data-element_type=\"section\">\n\t\t\t\t\t\t<div class=\"elementor-container elementor-column-gap-default\">\n\t\t\t\t\t<div class=\"elementor-column elementor-col-100 elementor-top-column elementor-element elementor-element-1dc112e\" data-id=\"1dc112e\" data-element_type=\"column\">\n\t\t\t<div class=\"elementor-widget-wrap elementor-element-populated\">\n\t\t\t\t\t\t<div class=\"elementor-element elementor-element-ec9bcf3 elementor-widget elementor-widget-text-editor\" data-id=\"ec9bcf3\" data-element_type=\"widget\" data-widget_type=\"text-editor.default\">\n\t\t\t\t<div class=\"elementor-widget-container\">\n\t\t\t\t\t\t\t<p><b>Comprometidos con la rendici\u00f3n de cuentas.<br \/><\/b>Consulta nuestros estados financieros solicit\u00e1ndolos a: <a href=\"mailto:contacto@cremx.org\">contacto@cremx.org<\/a><\/p>\t\t\t\t\t\t<\/div>\n\t\t\t\t<\/div>\n\t\t\t\t\t<\/div>\n\t\t<\/div>\n\t\t\t\t\t<\/div>\n\t\t<\/section>\n\t\t\t\t<section class=\"elementor-section elementor-top-section elementor-element elementor-element-8bb8be4 elementor-section-boxed elementor-section-height-default elementor-section-height-default\" data-id=\"8bb8be4\" data-element_type=\"section\" data-settings=\"{&quot;background_background&quot;:&quot;classic&quot;}\">\n\t\t\t\t\t\t\t<div class=\"elementor-background-overlay\"><\/div>\n\t\t\t\t\t\t\t<div class=\"elementor-container elementor-column-gap-default\">\n\t\t\t\t\t<div class=\"elementor-column elementor-col-100 elementor-top-column elementor-element elementor-element-3f55832\" data-id=\"3f55832\" data-element_type=\"column\">\n\t\t\t<div class=\"elementor-widget-wrap elementor-element-populated\">\n\t\t\t\t\t\t<div class=\"elementor-element elementor-element-448941e elementor-widget elementor-widget-gva-heading-block\" data-id=\"448941e\" data-element_type=\"widget\" data-widget_type=\"gva-heading-block.default\">\n\t\t\t\t<div class=\"elementor-widget-container\">\n\t\t\t<div class=\"gva-element-gva-heading-block gva-element\">   <div class=\"align-center style-1 widget gsc-heading\">\r\n      <div class=\"content-inner\">\r\n         \r\n                  \r\n                  \r\n                     <h2 class=\"title\">\r\n               <span>Convi\u00e9rtete en el por qu\u00e9 de la sonrisa de miles de estudiantes<\/span>\r\n            <\/h2>\r\n         \r\n          \r\n\r\n         \r\n                     <div class=\"heading-action\">\r\n                       <a href=\"https:\/\/cremx.org\/index.php\/donar\/\" class=\"btn-theme btn-cta\">\r\n          Quiero ayudar        <\/a>\r\n\r\n                    <\/div>\r\n         \r\n      <\/div>\r\n   <\/div>\r\n   <div class=\"clearfix\"><\/div>\r\n<\/div>\t\t<\/div>\n\t\t\t\t<\/div>\n\t\t\t\t\t<\/div>\n\t\t<\/div>\n\t\t\t\t\t<\/div>\n\t\t<\/section>\n\t\t\t\t<\/div>\n\t\t","protected":false},"excerpt":{"rendered":"<p>Comprometidos con la rendici\u00f3n de cuentas.Consulta nuestros estados financieros solicit\u00e1ndolos a: contacto@cremx.org Convi\u00e9rtete en el por qu\u00e9 de la sonrisa [&hellip;]<\/p>\n","protected":false},"author":1,"featured_media":0,"parent":0,"menu_order":0,"comment_status":"closed","ping_status":"closed","template":"","meta":{"_joinchat":[],"footnotes":""},"class_list":["post-8789","page","type-page","status-publish","hentry"],"_links":{"self":[{"href":"https:\/\/cremx.org\/index.php\/wp-json\/wp\/v2\/pages\/8789","targetHints":{"allow":["GET"]}}],"collection":[{"href":"https:\/\/cremx.org\/index.php\/wp-json\/wp\/v2\/pages"}],"about":[{"href":"https:\/\/cremx.org\/index.php\/wp-json\/wp\/v2\/types\/page"}],"author":[{"embeddable":true,"href":"https:\/\/cremx.org\/index.php\/wp-json\/wp\/v2\/users\/1"}],"replies":[{"embeddable":true,"href":"https:\/\/cremx.org\/index.php\/wp-json\/wp\/v2\/comments?post=8789"}],"version-history":[{"count":7,"href":"https:\/\/cremx.org\/index.php\/wp-json\/wp\/v2\/pages\/8789\/revisions"}],"predecessor-version":[{"id":8797,"href":"https:\/\/cremx.org\/index.php\/wp-json\/wp\/v2\/pages\/8789\/revisions\/8797"}],"wp:attachment":[{"href":"https:\/\/cremx.org\/index.php\/wp-json\/wp\/v2\/media?parent=8789"}],"curies":[{"name":"wp","href":"https:\/\/api.w.org\/{rel}","templated":true}]}}