{"id":510,"date":"2016-03-04T03:32:38","date_gmt":"2016-03-04T03:32:38","guid":{"rendered":"https:\/\/gaviaspreview.com\/wp\/kipso\/?page_id=510"},"modified":"2024-12-16T20:59:49","modified_gmt":"2024-12-16T20:59:49","slug":"news","status":"publish","type":"page","link":"https:\/\/cremx.org\/index.php\/news\/","title":{"rendered":"Noticias"},"content":{"rendered":"\t\t<div data-elementor-type=\"wp-post\" data-elementor-id=\"510\" class=\"elementor elementor-510\">\n\t\t\t\t\t\t<section class=\"elementor-section elementor-top-section elementor-element elementor-element-b3ee41e elementor-section-boxed elementor-section-height-default elementor-section-height-default\" data-id=\"b3ee41e\" data-element_type=\"section\">\n\t\t\t\t\t\t<div class=\"elementor-container elementor-column-gap-default\">\n\t\t\t\t\t<div class=\"elementor-column elementor-col-100 elementor-top-column elementor-element elementor-element-e0bf2c1\" data-id=\"e0bf2c1\" data-element_type=\"column\">\n\t\t\t<div class=\"elementor-widget-wrap elementor-element-populated\">\n\t\t\t\t\t\t<div class=\"elementor-element elementor-element-041ea8a elementor-widget elementor-widget-image\" data-id=\"041ea8a\" data-element_type=\"widget\" data-widget_type=\"image.default\">\n\t\t\t\t<div class=\"elementor-widget-container\">\n\t\t\t\t\t\t\t\t\t\t\t\t\t<img fetchpriority=\"high\" decoding=\"async\" width=\"1738\" height=\"285\" src=\"https:\/\/cremx.org\/wp-content\/uploads\/2024\/12\/TIT-NOTICIAS.jpg\" class=\"attachment-full size-full wp-image-8232\" alt=\"\" \/>\t\t\t\t\t\t\t\t\t\t\t\t\t<\/div>\n\t\t\t\t<\/div>\n\t\t\t\t\t<\/div>\n\t\t<\/div>\n\t\t\t\t\t<\/div>\n\t\t<\/section>\n\t\t\t\t<section class=\"elementor-section elementor-top-section elementor-element elementor-element-5f08bc2 elementor-section-boxed elementor-section-height-default elementor-section-height-default\" data-id=\"5f08bc2\" data-element_type=\"section\">\n\t\t\t\t\t\t<div class=\"elementor-container elementor-column-gap-default\">\n\t\t\t\t\t<div class=\"elementor-column elementor-col-100 elementor-top-column elementor-element elementor-element-0f2583c\" data-id=\"0f2583c\" data-element_type=\"column\">\n\t\t\t<div class=\"elementor-widget-wrap elementor-element-populated\">\n\t\t\t\t\t\t<div class=\"elementor-element elementor-element-ec7622c elementor-widget elementor-widget-gva-posts\" data-id=\"ec7622c\" data-element_type=\"widget\" data-widget_type=\"gva-posts.default\">\n\t\t\t\t<div class=\"elementor-widget-container\">\n\t\t\t<div class=\"gva-element-gva-posts gva-element\">  \r\n  <div class=\"gva-posts-grid clearfix gva-posts\">\r\n      <div class=\"gva-content-items\"> \r\n        <div class=\"lg-block-grid-2 md-block-grid-2 sm-block-grid-2 xs-block-grid-1\">\r\n          \r\n<div class=\"all mexico-y-su-edicacion  item-columns\">\r\n   <article id=\"post-8694\" class=\"post-style-1 post-8694 post type-post status-publish format-standard has-post-thumbnail hentry category-mexico-y-su-edicacion tag-cremx tag-educacion-2 tag-educaciontemprana tag-ia tag-neurociencias\">\r\n      <div class=\"post-thumbnail\">\r\n         <img decoding=\"async\" width=\"2560\" height=\"1440\" src=\"https:\/\/cremx.org\/wp-content\/uploads\/2025\/09\/Copy-of-PE-de-Procuracion-CREmx-2024-scaled.jpg\" class=\"attachment-oxpitan_medium size-oxpitan_medium wp-post-image\" alt=\"Invertir en educaci\u00f3n temprana: El Camino a una Sociedad con Futuro.\" \/>         <div class=\"post-author\"><span>By <\/span>admin<\/div>\r\n      <\/div>   \r\n\r\n      <div class=\"entry-content\">\r\n         \r\n         <div class=\"content-inner\">\r\n            <div class=\"entry-meta\">\r\n               <span class=\"entry-date\"><a href=\"https:\/\/cremx.org\/index.php\/2025\/09\/19\/invertir-en-educacion-temprana-el-camino-a-una-sociedad-con-futuro\/\" rel=\"bookmark\"><time class=\"entry-date\" datetime=\"2025-09-19T00:13:31+00:00\">septiembre 19, 2025<\/time><\/a><\/span>            <\/div> \r\n            <h2 class=\"entry-title\"><a href=\"https:\/\/cremx.org\/index.php\/2025\/09\/19\/invertir-en-educacion-temprana-el-camino-a-una-sociedad-con-futuro\/\" rel=\"bookmark\">Invertir en educaci\u00f3n temprana: El Camino a una Sociedad con Futuro.<\/a><\/h2>\r\n            <div class=\"entry-description\">\r\n               Por un pa\u00eds donde cada ni\u00f1o y ni\u00f1a pueda desarrollar su m\u00e1ximo potencial En M\u00e9xico, las decisiones que tomamos hoy [&hellip;]            <\/div>\r\n         <\/div>\r\n\r\n         <div class=\"read-more\"><a class=\"btn-theme\" href=\"https:\/\/cremx.org\/index.php\/2025\/09\/19\/invertir-en-educacion-temprana-el-camino-a-una-sociedad-con-futuro\/\">Read more <\/a><\/div>\r\n         \r\n      <\/div>\r\n   <\/article>   \r\n<\/div>\r\n\r\n  \r\n<div class=\"all uncategorized  item-columns\">\r\n   <article id=\"post-8690\" class=\"post-style-1 post-8690 post type-post status-publish format-standard has-post-thumbnail hentry category-uncategorized tag-programaseducativos tag-aprendizaje tag-escuelas tag-ia tag-inteligenciaartificial tag-ludocrea\">\r\n      <div class=\"post-thumbnail\">\r\n         <img decoding=\"async\" width=\"1600\" height=\"719\" src=\"https:\/\/cremx.org\/wp-content\/uploads\/2025\/08\/IMG-20250428-WA0029.jpg\" class=\"attachment-oxpitan_medium size-oxpitan_medium wp-post-image\" alt=\"La Revoluci\u00f3n de la IA en la educaci\u00f3n: oportunidades y desaf\u00edos para M\u00e9xico.\" \/>         <div class=\"post-author\"><span>By <\/span>admin<\/div>\r\n      <\/div>   \r\n\r\n      <div class=\"entry-content\">\r\n         \r\n         <div class=\"content-inner\">\r\n            <div class=\"entry-meta\">\r\n               <span class=\"entry-date\"><a href=\"https:\/\/cremx.org\/index.php\/2025\/08\/19\/la-revolucion-de-la-ia-en-la-educacion\/\" rel=\"bookmark\"><time class=\"entry-date\" datetime=\"2025-08-19T17:56:36+00:00\">agosto 19, 2025<\/time><\/a><\/span>            <\/div> \r\n            <h2 class=\"entry-title\"><a href=\"https:\/\/cremx.org\/index.php\/2025\/08\/19\/la-revolucion-de-la-ia-en-la-educacion\/\" rel=\"bookmark\">La Revoluci\u00f3n de la IA en la educaci\u00f3n: oportunidades y desaf\u00edos para M\u00e9xico.<\/a><\/h2>\r\n            <div class=\"entry-description\">\r\n               En un mundo donde la inteligencia artificial (IA) ya genera textos, resuelve ecuaciones y personaliza experiencias, \u00bfestamos listos para que [&hellip;]            <\/div>\r\n         <\/div>\r\n\r\n         <div class=\"read-more\"><a class=\"btn-theme\" href=\"https:\/\/cremx.org\/index.php\/2025\/08\/19\/la-revolucion-de-la-ia-en-la-educacion\/\">Read more <\/a><\/div>\r\n         \r\n      <\/div>\r\n   <\/article>   \r\n<\/div>\r\n\r\n  \r\n<div class=\"all programas  item-columns\">\r\n   <article id=\"post-8682\" class=\"post-style-1 post-8682 post type-post status-publish format-standard has-post-thumbnail hentry category-programas tag-educacion tag-programaseducativos tag-aprendizaje tag-escuelas tag-ludocrea\">\r\n      <div class=\"post-thumbnail\">\r\n         <img loading=\"lazy\" decoding=\"async\" width=\"2500\" height=\"1667\" src=\"https:\/\/cremx.org\/wp-content\/uploads\/2025\/02\/Fotos-Ludocrea-21.jpg\" class=\"attachment-oxpitan_medium size-oxpitan_medium wp-post-image\" alt=\"LudoCREa: Un Modelo Educativo que Transforma el Aprendizaje en M\u00e9xico\" \/>         <div class=\"post-author\"><span>By <\/span>admin<\/div>\r\n      <\/div>   \r\n\r\n      <div class=\"entry-content\">\r\n         \r\n         <div class=\"content-inner\">\r\n            <div class=\"entry-meta\">\r\n               <span class=\"entry-date\"><a href=\"https:\/\/cremx.org\/index.php\/2025\/02\/26\/ludocrea\/\" rel=\"bookmark\"><time class=\"entry-date\" datetime=\"2025-02-26T02:12:39+00:00\">febrero 26, 2025<\/time><\/a><\/span>            <\/div> \r\n            <h2 class=\"entry-title\"><a href=\"https:\/\/cremx.org\/index.php\/2025\/02\/26\/ludocrea\/\" rel=\"bookmark\">LudoCREa: Un Modelo Educativo que Transforma el Aprendizaje en M\u00e9xico<\/a><\/h2>\r\n            <div class=\"entry-description\">\r\n               Por: Fernando Cant\u00fa, Director CREmx En M\u00e9xico, la educaci\u00f3n enfrenta desaf\u00edos significativos, especialmente en \u00e1reas fundamentales como la lectoescritura y [&hellip;]            <\/div>\r\n         <\/div>\r\n\r\n         <div class=\"read-more\"><a class=\"btn-theme\" href=\"https:\/\/cremx.org\/index.php\/2025\/02\/26\/ludocrea\/\">Read more <\/a><\/div>\r\n         \r\n      <\/div>\r\n   <\/article>   \r\n<\/div>\r\n\r\n  \r\n<div class=\"all programas  item-columns\">\r\n   <article id=\"post-8381\" class=\"post-style-1 post-8381 post type-post status-publish format-gallery has-post-thumbnail hentry category-programas post_format-post-format-gallery\">\r\n      <div class=\"post-thumbnail\">\r\n         <img loading=\"lazy\" decoding=\"async\" width=\"948\" height=\"948\" src=\"https:\/\/cremx.org\/wp-content\/uploads\/2024\/12\/nina-front-1.png\" class=\"attachment-oxpitan_medium size-oxpitan_medium wp-post-image\" alt=\"Historia de CREmx\" \/>         <div class=\"post-author\"><span>By <\/span>admin<\/div>\r\n      <\/div>   \r\n\r\n      <div class=\"entry-content\">\r\n         \r\n         <div class=\"content-inner\">\r\n            <div class=\"entry-meta\">\r\n               <span class=\"entry-date\"><a href=\"https:\/\/cremx.org\/index.php\/2024\/12\/16\/historia-de-cremx\/\" rel=\"bookmark\"><time class=\"entry-date\" datetime=\"2024-12-16T20:56:28+00:00\">diciembre 16, 2024<\/time><\/a><\/span>            <\/div> \r\n            <h2 class=\"entry-title\"><a href=\"https:\/\/cremx.org\/index.php\/2024\/12\/16\/historia-de-cremx\/\" rel=\"bookmark\">Historia de CREmx<\/a><\/h2>\r\n            <div class=\"entry-description\">\r\n               En Compromiso y Responsabilidad Educativa, nuestra misi\u00f3n es desarrollar, \nimplementar y difundir innovaciones.            <\/div>\r\n         <\/div>\r\n\r\n         <div class=\"read-more\"><a class=\"btn-theme\" href=\"https:\/\/cremx.org\/index.php\/2024\/12\/16\/historia-de-cremx\/\">Read more <\/a><\/div>\r\n         \r\n      <\/div>\r\n   <\/article>   \r\n<\/div>\r\n\r\n  \r\n<div class=\"all programas  item-columns\">\r\n   <article id=\"post-8379\" class=\"post-style-1 post-8379 post type-post status-publish format-gallery has-post-thumbnail hentry category-programas post_format-post-format-gallery\">\r\n      <div class=\"post-thumbnail\">\r\n         <img loading=\"lazy\" decoding=\"async\" width=\"1600\" height=\"915\" src=\"https:\/\/cremx.org\/wp-content\/uploads\/2024\/12\/slide5.jpg\" class=\"attachment-oxpitan_medium size-oxpitan_medium wp-post-image\" alt=\"Sumarte a CREmx\" \/>         <div class=\"post-author\"><span>By <\/span>admin<\/div>\r\n      <\/div>   \r\n\r\n      <div class=\"entry-content\">\r\n         \r\n         <div class=\"content-inner\">\r\n            <div class=\"entry-meta\">\r\n               <span class=\"entry-date\"><a href=\"https:\/\/cremx.org\/index.php\/2024\/12\/16\/sumarte-a-cremx\/\" rel=\"bookmark\"><time class=\"entry-date\" datetime=\"2024-12-16T20:54:51+00:00\">diciembre 16, 2024<\/time><\/a><\/span>            <\/div> \r\n            <h2 class=\"entry-title\"><a href=\"https:\/\/cremx.org\/index.php\/2024\/12\/16\/sumarte-a-cremx\/\" rel=\"bookmark\">Sumarte a CREmx<\/a><\/h2>\r\n            <div class=\"entry-description\">\r\n               En Compromiso y Responsabilidad Educativa, nuestra misi\u00f3n es desarrollar, \nimplementar y difundir innovaciones.            <\/div>\r\n         <\/div>\r\n\r\n         <div class=\"read-more\"><a class=\"btn-theme\" href=\"https:\/\/cremx.org\/index.php\/2024\/12\/16\/sumarte-a-cremx\/\">Read more <\/a><\/div>\r\n         \r\n      <\/div>\r\n   <\/article>   \r\n<\/div>\r\n\r\n  \r\n<div class=\"all programas  item-columns\">\r\n   <article id=\"post-257\" class=\"post-style-1 post-257 post type-post status-publish format-gallery has-post-thumbnail hentry category-programas post_format-post-format-gallery\">\r\n      <div class=\"post-thumbnail\">\r\n         <img loading=\"lazy\" decoding=\"async\" width=\"1500\" height=\"917\" src=\"https:\/\/cremx.org\/wp-content\/uploads\/2024\/12\/slider-1-grafico.jpg\" class=\"attachment-oxpitan_medium size-oxpitan_medium wp-post-image\" alt=\"\u00bfPorqu\u00e9 es tan relevante sumarte a CREmx?\" \/>         <div class=\"post-author\"><span>By <\/span>admin<\/div>\r\n      <\/div>   \r\n\r\n      <div class=\"entry-content\">\r\n         \r\n         <div class=\"content-inner\">\r\n            <div class=\"entry-meta\">\r\n               <span class=\"entry-date\"><a href=\"https:\/\/cremx.org\/index.php\/2024\/12\/03\/many-important-brands-have-given-us-their-trust\/\" rel=\"bookmark\"><time class=\"entry-date\" datetime=\"2024-12-03T15:30:00+00:00\">diciembre 3, 2024<\/time><\/a><\/span>            <\/div> \r\n            <h2 class=\"entry-title\"><a href=\"https:\/\/cremx.org\/index.php\/2024\/12\/03\/many-important-brands-have-given-us-their-trust\/\" rel=\"bookmark\">\u00bfPorqu\u00e9 es tan relevante sumarte a CREmx?<\/a><\/h2>\r\n            <div class=\"entry-description\">\r\n               En Compromiso y Responsabilidad Educativa, nuestra misi\u00f3n es desarrollar, \nimplementar y difundir innovaciones.            <\/div>\r\n         <\/div>\r\n\r\n         <div class=\"read-more\"><a class=\"btn-theme\" href=\"https:\/\/cremx.org\/index.php\/2024\/12\/03\/many-important-brands-have-given-us-their-trust\/\">Read more <\/a><\/div>\r\n         \r\n      <\/div>\r\n   <\/article>   \r\n<\/div>\r\n\r\n          <\/div>\r\n      <\/div>\r\n                <div class=\"pagination\">\r\n                        <\/div>\r\n        <\/div>\r\n  <\/div>\t\t<\/div>\n\t\t\t\t<\/div>\n\t\t\t\t\t<\/div>\n\t\t<\/div>\n\t\t\t\t\t<\/div>\n\t\t<\/section>\n\t\t\t\t<\/div>\n\t\t","protected":false},"excerpt":{"rendered":"<p>By admin diciembre 16, 2024 Historia de CREmx En Compromiso y Responsabilidad Educativa, nuestra misi\u00f3n es desarrollar, implementar y difundir [&hellip;]<\/p>\n","protected":false},"author":1,"featured_media":0,"parent":0,"menu_order":0,"comment_status":"closed","ping_status":"closed","template":"","meta":{"_joinchat":[],"footnotes":""},"class_list":["post-510","page","type-page","status-publish","hentry"],"_links":{"self":[{"href":"https:\/\/cremx.org\/index.php\/wp-json\/wp\/v2\/pages\/510","targetHints":{"allow":["GET"]}}],"collection":[{"href":"https:\/\/cremx.org\/index.php\/wp-json\/wp\/v2\/pages"}],"about":[{"href":"https:\/\/cremx.org\/index.php\/wp-json\/wp\/v2\/types\/page"}],"author":[{"embeddable":true,"href":"https:\/\/cremx.org\/index.php\/wp-json\/wp\/v2\/users\/1"}],"replies":[{"embeddable":true,"href":"https:\/\/cremx.org\/index.php\/wp-json\/wp\/v2\/comments?post=510"}],"version-history":[{"count":14,"href":"https:\/\/cremx.org\/index.php\/wp-json\/wp\/v2\/pages\/510\/revisions"}],"predecessor-version":[{"id":8385,"href":"https:\/\/cremx.org\/index.php\/wp-json\/wp\/v2\/pages\/510\/revisions\/8385"}],"wp:attachment":[{"href":"https:\/\/cremx.org\/index.php\/wp-json\/wp\/v2\/media?parent=510"}],"curies":[{"name":"wp","href":"https:\/\/api.w.org\/{rel}","templated":true}]}}